f 138036553?
83, 1663091
List the prime factors of 716797966.
2, 37, 71, 136429
What are the prime factors of 121285529?
163, 744083
List the prime factors of 5549822839.
11, 17, 47, 653, 967
List the prime factors of 51230103.
3, 733, 23297
What are the prime factors of 98920886?
2, 49460443
What are the prime factors of 330718096?
2, 2741, 7541
List the prime factors of 1386068058.
2, 3, 41, 709, 883
What are the prime factors of 3710570856?
2, 3, 311, 563, 883
List the prime factors of 15375553.
43, 357571
List the prime factors of 544430790.
2, 3, 5, 1213, 4987
What are the prime factors of 222855746?
2, 41, 2717753
What are the prime factors of 608566082?
2, 7583, 40127
List the prime factors of 112573090.
2, 5, 7, 31, 7411
What are the prime factors of 1613885840?
2, 5, 7, 19, 151681
List the prime factors of 9566189.
17, 79, 419
List the prime factors of 44872613.
44872613
List the prime factors of 451848471.
3, 7211, 20887
What are the prime factors of 171745447?
79, 2173993
What are the prime factors of 1057241942?
2, 101, 5233871
List the prime factors of 213600507.
3, 2677, 26597
What are the prime factors of 4116794?
2, 11, 187127
What are the prime factors of 324555007?
7, 17, 73, 37361
What are the prime factors of 59745041?
6857, 8713
What are the prime factors of 3298866716?
2, 19, 43406141
What are the prime factors of 160062017?
6131, 26107
What are the prime factors of 19073291?
19073291
List the prime factors of 29523044.
2, 29, 139, 1831
What are the prime factors of 9223130501?
13, 43, 16499339
List the prime factors of 163394584.
2, 29, 704287
What are the prime factors of 1294103665?
5, 17, 15224749
List the prime factors of 5230282020.
2, 3, 5, 87171367
List the prime factors of 28815848.
2, 43, 211, 397
What are the prime factors of 53314107?
3, 7, 11, 32971
List the prime factors of 37129094.
2, 18564547
What are the prime factors of 886833214?
2, 1117, 396971
What are the prime factors of 177015288?
2, 3, 17, 433861
What are the prime factors of 261700682?
2, 130850341
List the prime factors of 282188764.
2, 11, 13, 137, 277
List the prime factors of 122735298.
2, 3, 7, 229, 1823
List the prime factors of 3510171818.
2, 23, 76308083
What are the prime factors of 86993628?
2, 3, 19, 83, 4597
What are the prime factors of 715059822?
2, 3, 59, 479, 4217
What are the prime factors of 110233010?
2, 5, 41, 268861
What are the prime factors of 228353887?
41, 1163, 4789
List the prime factors of 16307912.
2, 1291, 1579
List the prime factors of 370292366.
2, 1291, 143413
List the prime factors of 7094240110.
2, 5, 7193, 98627
List the prime factors of 922671307.
922671307
List the prime factors of 39893906.
2, 13, 71, 21611
What are the prime factors of 47339579?
7, 6762797
List the prime factors of 677250749.
7, 96750107
List the prime factors of 1312816925.
5, 7, 17, 41, 47, 229
List the prime factors of 239305654.
2, 7, 17093261
What are the prime factors of 634670697?
3, 9173, 23063
List the prime factors of 2670440210.
2, 5, 239, 1013, 1103
List the prime factors of 292561608.
2, 3, 12190067
List the prime factors of 86794315.
5, 701, 24763
What are the prime factors of 102190048?
2, 3193439
List the prime factors of 2607515258.
2, 337, 3868717
What are the prime factors of 307294447?
307294447
What are the prime factors of 1104089746?
2, 23, 53, 131, 3457
What are the prime factors of 2158990652?
2, 7, 13, 5931293
What are the prime factors of 39627016?
2, 11, 13, 47, 67
List the prime factors of 7898822.
2, 3949411
List the prime factors of 256627690.
2, 5, 11, 131, 1619
What are the prime factors of 4219408156?
2, 1054852039
What are the prime factors of 36184313?
11, 17, 23, 47, 179
What are the prime factors of 1357998495?
3, 5, 7, 19, 47, 2069
List the prime factors of 3790154990.
2, 5, 277, 1368287
What are the prime factors of 511673326?
2, 14537, 17599
List the prime factors of 10457369.
13, 883, 911
List the prime factors of 428665298.
2, 29, 967, 7643
List the prime factors of 174167282.
2, 87083641
List the prime factors of 14212787.
31, 458477
What are the prime factors of 51781801?
97, 359, 1487
List the prime factors of 152738772.
2, 3, 12728231
What are the prime factors of 2489466230?
2, 5, 17, 50671
List the prime factors of 850374537.
3, 283458179
What are the prime factors of 102039456?
2, 3, 1062911
List the prime factors of 127787228.
2, 43, 742949
List the prime factors of 2308478249.
7, 11, 811, 5281
List the prime factors of 171816667.
11, 211, 74027
What are the prime factors of 8166154?
2, 17, 461, 521
List the prime factors of 401283565.
5, 80256713
What are the prime factors of 984422401?
983, 1001447
What are the prime factors of 62529282?
2, 3, 3473849
What are the prime factors of 355897093?
137, 1487, 1747
What are the prime factors of 20180903?
4091, 4933
List the prime factors of 63109827.
3, 11, 37, 5743
What are the prime factors of 541514963?
11, 2333, 21101
List the prime factors of 1693646738.
2, 7, 19, 1783, 3571
List the prime factors of 1618558276.
2, 404639569
What are the prime factors of 1979813603?
7507, 263729
What are the prime factors of 31104871?
7, 4443553
List the prime factors of 8235724615.
5, 1647144923
List the prime factors of 335461263.
3, 131, 503, 1697
What are the prime factors of 3546872497?
7, 59, 1226867
List the prime factors of 311588811.
3, 34620979
What are the prime factors of 75340146?
2, 3, 7, 109, 2351
What are the prime factors of 2368023028?
2, 7, 113, 149, 5023
List the prime factors of 97250984.
2, 12156373
List the prime factors of 266038089.
3, 88679363
List the prime factors of 327225238.
2, 499, 327881
List the prime factors of 1979305207.
11, 9343, 19259
What are the prime factors of 44268512?
2, 1383391
What are the prime factors of 1098868466?
2, 2969, 185057
List the prime factors of 650804114.
2, 325402057
What are the prime factors of 2584532496?
2, 3, 7, 13, 31, 19087
List the prime factors of 66175168.
2, 1033987
What are the prime factors of 1452406399?
37, 43, 103, 8863
What are the prime factors of 18148841?
151, 263, 457
What are the prime factors of 273963202?
2, 136981601
List the prime factors of 334305519.
3, 31, 3594683
What are the prime factors of 546873537?
3, 7, 59, 571, 773
List the prime factors of 269350469.
16223, 16603
What are the prime factors of 375737900?
2, 5, 181, 20759
List the prime factors of 80685974.
2, 37, 43, 25357
List the prime factors of 354063701.
79, 4481819
List the prime factors of 4756954146.
2, 3, 7, 113260813
List the prime factors of 4368035522.
2, 17, 47, 83, 32933
What are the prime factors of 437258804?
2, 109314701
What are the prime factors of 548820603?
3, 2258521
What are the prime factors of 732116931?
3, 7, 13, 53, 50599
List the prime factors of 227489214.
2, 3, 263, 144163
What are the prime factors of 1108598900?
2, 5, 17, 652117
What are the prime factors of 6922153?
7, 41, 89, 271
What are the prime factors of 842981027?
7, 23, 37, 141511
List the prime factors of 17895068.
2, 4473767
List the prime factors of 63543805.
5, 13, 67, 14591
List the prime factors of 1755649831.
13, 157, 787, 1093
List the prime factors of 573381049.
17, 43, 784379
What are the prime factors of 5343111?
3, 197893
What are the prime factors of 999749290?
2, 5, 99974929
List the prime factors of 1597020879.
3, 532340293
List the prime factors of 268724750.
2, 5, 7, 153557
List the prime factors of 1031372498.
2, 13, 577, 68749
What are the prime factors of 6968739011?
13, 131, 199, 20563
List the prime factors of 179082982.
2, 13, 6887807
List the prime factors of 2090989563.
3, 13, 149, 151, 2383
List the prime factors of 638179394.
2, 29, 379417
List the prime factors of 80769853.
37, 1049, 2081
List the prime factors of 720934886.
2, 7, 3083, 16703
What are the prime factors of 1241404?
2, 503, 617
What are the prime factors of 4524651434?
2, 107, 1019, 20749
What are the prime factors of 900239193?
3, 7, 37, 137, 2819
What are the prime factors of 1233244706?
2, 37, 16665469
What are the prime factors of 249232359?
3, 17, 509, 9601
What are the prime factors of 72866935?
5, 2377, 6131
What are the prime factors of 738177080?
2, 5, 18454427
What are the prime factors of 16107096?
2, 3, 41, 16